t common divisor of s and f?
2
Let l = 210 - 110. Calculate the highest common divisor of 20 and l.
20
Let f(l) = l + 18. Suppose 4*h + 8 = -28. Let d be f(h). What is the greatest common divisor of 9 and d?
9
Let f(a) = -a**3 + 5*a**2 + 2*a. Let n be f(5). Let u = 54 + -4. What is the greatest common divisor of n and u?
10
Let i(t) = t**3 - 6*t**2 + 4*t. Let c be i(6). Suppose -72 = -5*k + 2*h, -5*k - 2*h + 74 + 14 = 0. What is the greatest common divisor of c and k?
8
Let y be (3 - 0 - 2)*77. What is the highest common divisor of 7 and y?
7
Let n be (0 + 76/8)*2. What is the highest common divisor of 95 and n?
19
Suppose 3*c + y - 4*y = -6, -3*y = -12. Let t be ((-5)/15)/(c/(-54)). What is the highest common factor of t and 1?
1
Let k be (-1 - -1)*(-1)/(-2). Suppose 2*i + i = k. Suppose -2*r + 208 = -i*r. Calculate the highest common factor of r and 13.
13
Suppose -448 = -4*u - 0*u. Suppose 0 = -4*o + 48 + 16. Calculate the greatest common factor of o and u.
16
Let d be 2 - (0 + (-1 - -1)). Let t be (d - 2) + 162/2. What is the highest common divisor of 54 and t?
27
Suppose -5*z - 3*w = -124 - 41, 0 = w. Let b(r) = 7 - 3*r + 8 + 4*r - 4. Let h be b(11). Calculate the greatest common factor of h and z.
11
Suppose -2*q = 3*g - 12, q = -5*g - 0*g + 6. Calculate the greatest common divisor of 4 and q.
2
Let f = -72 - -78. Calculate the greatest common factor of f and 6.
6
Suppose -7*j = -4*j - 825. Calculate the highest common divisor of 25 and j.
25
Suppose 4 = i - 2*i. Let b = 25 - 27. Let g be b*(3 - i/(-1)). What is the highest common divisor of g and 5?
1
Suppose 2*x - 10 + 2 = 0. Suppose -180 - 116 = -x*j. Let o be 1/(-3) + j/6. What is the highest common divisor of 3 and o?
3
Suppose 0*n - 5*n + 65 = 0. Calculate the greatest common factor of n and 13.
13
Let q be 6*54*1/4. Let y be 4*1*18/8. What is the greatest common divisor of y and q?
9
Let j be (32/10)/4*60. Suppose -30 = -2*y - 3*y. What is the highest common factor of j and y?
6
Suppose -14*o + 20 = -9*o. Suppose 0 = 5*t - 3*t, -q = -o*t - 66. Calculate the greatest common factor of 22 and q.
22
Let p(r) = 7*r**3 - r**2 - 2*r + 2. Let f be p(2). Calculate the greatest common factor of 20 and f.
10
Let d(x) be the third derivative of 0 + 1/6*x**3 + 2*x**2 + 1/24*x**4 + 3/20*x**5 + 0*x. Let l be d(-1). What is the greatest common factor of 90 and l?
9
Let j(z) be the third derivative of -z**5/60 - 5*z**4/24 + z**3/6 + 2*z**2. Let o be j(-4). Calculate the greatest common divisor of 1 and o.
1
Let s(q) = -q + 5. Let d be s(4). Let g be (-2)/(2 - d)*-1. Suppose -i = -g*i + 1. What is the greatest common divisor of i and 3?
1
Let u(g) = -50*g + 6. Let x be u(-3). Calculate the highest common factor of x and 12.
12
Let w = -61 + 105. Let s(m) = 67*m**2 - 1. Let i be s(-1). Calculate the greatest common divisor of i and w.
22
Suppose 0 = 2*p - 26 + 4. Let c be 2/6 + 8/12. Calculate the greatest common divisor of c and p.
1
Let l be 2/(-8)*2*-2. Let q be l*1*(4 + -2). Suppose 0 = -0*g + q*g - 18. Calculate the greatest common divisor of 3 and g.
3
Suppose -o - 2 = 3*y, 4*o - 57 = -4*y + 5*y. Calculate the greatest common factor of 52 and o.
13
Suppose q = -1 + 3. Let x be 3 + 0 + (4 - q). Let t be (25/(-3))/(1/(-3)). What is the highest common factor of t and x?
5
Suppose 0 = -3*g + 6 + 9. Suppose -g*i = -13 - 2. Suppose -6*q + 30 = 3*o - 3*q, 0 = -i*q + 3. Calculate the highest common factor of o and 18.
9
Suppose 0*b = -2*b + 56. Let m = 85 - b. Suppose -5*s = -2*s - m. Calculate the highest common factor of s and 76.
19
Suppose -42 = -v - 12. Suppose 0 = o + o - 4*a - 14, -o - 3*a + 27 = 0. Calculate the greatest common factor of o and v.
15
Let a(v) = -7*v - 5. Suppose 3*i = -2*i - 25. Let j be a(i). What is the highest common factor of 20 and j?
10
Suppose -6*f - 2*f = -840. Suppose -66 = -4*b + 2*c, 84 = 5*b - 0*c - 3*c. Calculate the highest common factor of b and f.
15
Suppose -5*t - 5*x - 45 = -0, -3*x = -5*t - 37. Let z(y) = -y + 10. Let g be z(0). Let j be (-2)/((g/t)/5). What is the greatest common divisor of j and 8?
8
Let c(g) = 2*g - 2. Let l be c(4). Let z(n) = n + 5. Let f be z(l). What is the highest common divisor of 110 and f?
11
Let y be 3*4/(-12)*-11. Calculate the greatest common factor of y and 121.
11
Let w = 4 + -2. Let i = 38 - 18. Let b = i - w. What is the highest common divisor of b and 9?
9
Let o be (-6)/45 - 141/(-45). What is the highest common divisor of o and 3?
3
Suppose 4*h + 3 = -9. Let p(b) = b**3 + 3*b**2 - b + 2. Let j be p(h). What is the highest common factor of j and 15?
5
Suppose 3*z = -6*z + 306. Calculate the highest common divisor of z and 136.
34
Suppose d = 2*d - 3, -n - 3*d = 4. Let r = 20 - n. What is the greatest common factor of 22 and r?
11
Suppose l - 8 = 5. What is the highest common factor of 13 and l?
13
Suppose z + 3*i + 127 = 3*z, 3*z + i = 207. Calculate the highest common divisor of z and 17.
17
Let z(g) = 3*g - 3. Let d be z(9). Calculate the greatest common factor of d and 60.
12
Let m(h) = h**3 - 4*h**3 + 6 + h**3 + 6*h - 5*h**2 + h**3. Let y be m(-6). What is the highest common divisor of y and 54?
6
Let x(g) = g**2 - 10*g + 1. Let k be x(9). Let c be k/(-12) + (-16)/6. Let d be 12 - 2 - (c + 2). Calculate the highest common divisor of d and 10.
10
Let z be 13 - (2 - (0 - -1)). Let h be z + (1 - (-2)/2). Let l(j) = 20*j - 106. Let w be l(6). Calculate the greatest common divisor of w and h.
14
Suppose -24 = -2*r + r. Calculate the greatest common factor of r and 12.
12
Let g(j) = j**3 - 6*j**2 + 6*j + 7. Let b be g(5). Let o be (-24)/9*36/(-2). What is the greatest common divisor of b and o?
12
Let l = -58 + 64. Calculate the highest common divisor of l and 6.
6
Let u = 171 - 63. Suppose -5*y = 3*t - u, -t - 6*y + 36 = -y. Suppose 3*s = s + t. Calculate the highest common divisor of s and 126.
18
Let h = 5 + 13. Calculate the greatest common factor of h and 198.
18
Let f be 2*5 + 14 + -12. Calculate the greatest common factor of 36 and f.
12
Suppose -z + 5*m = -7 + 18, 2*z - 8 = 4*m. Let j be 4/z + 26/7. Let u be (22/4)/((-1)/(-8)). Calculate the greatest common divisor of u and j.
4
Suppose 3*x - 60 = -2*x. What is the greatest common factor of x and 3?
3
Suppose -3*u = -6*u + 135. Suppose 5*l - 3*l = -3*a - 1, a = 2*l - 19. Suppose -25 = -2*t - l. Calculate the greatest common factor of t and u.
9
Suppose -4*y = -5 - 15. Suppose -y*h + 22 - 2 = 0. Calculate the highest common factor of h and 36.
4
Let a be (3/(-6))/(5/(-480)). Calculate the greatest common divisor of 120 and a.
24
Suppose -204 = -18*r + 6*r. What is the highest common divisor of 153 and r?
17
Suppose -4*a + h + 506 = 0, -a = -h - 0*h - 128. Suppose 5*s - 3 = -4*w, s - 1 = -w - 0*w. Let f = 15 + s. What is the highest common factor of f and a?
14
Let r(s) = s**2 - 2*s - 2. Let a be r(-3). Calculate the highest common divisor of 117 and a.
13
Suppose -2*p + 2 = -6. Suppose 2*u - 2*j = -p*j + 24, -3*j = -4*u + 83. Suppose 5*z = 89 + 166. Calculate the greatest common factor of u and z.
17
Suppose -1 = -3*f - 3*p + 14, 5*f = -3*p + 35. Calculate the highest common divisor of f and 190.
10
Let i = 86 + -75. What is the highest common divisor of i and 55?
11
Let k(t) = 2*t**2 - 7*t + 6. Let s be k(5). Suppose -9 = -3*r - 3*i, -r + 4 = -3*i + s. Let n be r + 9/3 - -14. What is the highest common factor of 30 and n?
15
Suppose 0*s + 5405 = 5*s. Suppose -s = -4*q + 5*c, q + 279 = 2*q - 3*c. What is the highest common factor of q and 24?
24
Suppose 0 = -0*g - g + 11. What is the highest common divisor of 11 and g?
11
Let d be 4/6*369/6. Let z(w) = w**3 - w**2 - 3*w. Let f be z(-3). Let b = d + f. Calculate the greatest common factor of 14 and b.
14
Let w be 1/((-2)/(-12))*(-2115)/(-94). What is the highest common divisor of w and 15?
15
Let c = -75 + 112. Suppose 0 = -q + 5*g - 8, -3*q - 89 = q - g. Let r = q + c. Calculate the highest common factor of 21 and r.
7
Let o be (-5)/5 - -3*2*5. Calculate the highest common factor of o and 232.
29
Let c = 18 + -13. Calculate the highest common divisor of 20 and c.
5
Suppose 0 = -2*a + a. Let j be 1*(0 - a - 3). Let c = j + 20. Calculate the highest common factor of c and 85.
17
Let h = -7224 - -4844. Let o be (-2)/